{"id":34,"date":"2014-02-28T15:23:31","date_gmt":"2014-02-28T15:23:31","guid":{"rendered":"http:\/\/site1393340684.provisorio.ws\/novo\/?page_id=34"},"modified":"2018-10-18T09:32:21","modified_gmt":"2018-10-18T12:32:21","slug":"equipamentos","status":"publish","type":"page","link":"https:\/\/www.penhavidros.com.br\/novo\/equipamentos\/","title":{"rendered":"Equipamentos"},"content":{"rendered":"<p style=\"text-align: justify;\">A equipe Penha Vidros disp\u00f5e das mais modernas ferramentas e equipamentos que garantem alto n\u00edvel de instala\u00e7\u00e3o e um servi\u00e7o final diferenciado.<\/p>\n<p style=\"text-align: justify;\">Os recursos t\u00e9cnicos incluem softwares de c\u00e1lculos e simula\u00e7\u00e3o de aplica\u00e7\u00f5es em fachadas, programas para dimensionamento de estruturas e cargas e, no beneficiamento dos vidros, uma linha de produ\u00e7\u00e3o completa capaz de realizar do pr\u00e9-processamento at\u00e9 a transforma\u00e7\u00e3o do produto com seguran\u00e7a e alt\u00edssima qualidade.<\/p>\n","protected":false},"excerpt":{"rendered":"<p>A equipe Penha Vidros disp\u00f5e das mais modernas ferramentas e equipamentos que garantem alto n\u00edvel de instala\u00e7\u00e3o e um servi\u00e7o final diferenciado. Os recursos t\u00e9cnicos incluem softwares de c\u00e1lculos e simula\u00e7\u00e3o de aplica\u00e7\u00f5es em fachadas, programas para dimensionamento de estruturas e cargas e, no beneficiamento dos vidros, uma linha de [&hellip;]<\/p>\n","protected":false},"author":3,"featured_media":0,"parent":0,"menu_order":0,"comment_status":"open","ping_status":"open","template":"template-full.php","meta":[],"yoast_head":"<!-- This site is optimized with the Yoast SEO plugin v15.0 - https:\/\/yoast.com\/wordpress\/plugins\/seo\/ -->\n<title>Equipamentos | Penha Vidros<\/title>\n<meta name=\"description\" content=\"A equipe da Penha Vidros disp\u00f5e das mais modernas ferramentas e equipamentos que garantem a perfei\u00e7\u00e3o final e um servi\u00e7o diferenciado.\" \/>\n<meta name=\"robots\" content=\"index, follow, max-snippet:-1, max-image-preview:large, max-video-preview:-1\" \/>\n<link rel=\"canonical\" href=\"https:\/\/www.penhavidros.com.br\/novo\/equipamentos\/\" \/>\n<meta property=\"og:locale\" content=\"pt_BR\" \/>\n<meta property=\"og:type\" content=\"article\" \/>\n<meta property=\"og:title\" content=\"Equipamentos | Penha Vidros\" \/>\n<meta property=\"og:description\" content=\"A equipe da Penha Vidros disp\u00f5e das mais modernas ferramentas e equipamentos que garantem a perfei\u00e7\u00e3o final e um servi\u00e7o diferenciado.\" \/>\n<meta property=\"og:url\" content=\"https:\/\/www.penhavidros.com.br\/novo\/equipamentos\/\" \/>\n<meta property=\"og:site_name\" content=\"Penha Vidros\" \/>\n<meta property=\"article:modified_time\" content=\"2018-10-18T12:32:21+00:00\" \/>\n<meta property=\"og:image\" content=\"https:\/\/www.penhavidros.com.br\/novo\/wp-content\/uploads\/2014\/11\/penha-vidros_3.png\" \/>\n\t<meta property=\"og:image:width\" content=\"230\" \/>\n\t<meta property=\"og:image:height\" content=\"142\" \/>\n<script type=\"application\/ld+json\" class=\"yoast-schema-graph\">{\"@context\":\"https:\/\/schema.org\",\"@graph\":[{\"@type\":\"WebSite\",\"@id\":\"https:\/\/www.penhavidros.com.br\/novo\/#website\",\"url\":\"https:\/\/www.penhavidros.com.br\/novo\/\",\"name\":\"Penha Vidros\",\"description\":\"Com\\u00e9rcio e Distribuidora de Vidros Especiais\",\"potentialAction\":[{\"@type\":\"SearchAction\",\"target\":\"https:\/\/www.penhavidros.com.br\/novo\/?s={search_term_string}\",\"query-input\":\"required name=search_term_string\"}],\"inLanguage\":\"pt-BR\"},{\"@type\":\"WebPage\",\"@id\":\"https:\/\/www.penhavidros.com.br\/novo\/equipamentos\/#webpage\",\"url\":\"https:\/\/www.penhavidros.com.br\/novo\/equipamentos\/\",\"name\":\"Equipamentos | Penha Vidros\",\"isPartOf\":{\"@id\":\"https:\/\/www.penhavidros.com.br\/novo\/#website\"},\"datePublished\":\"2014-02-28T15:23:31+00:00\",\"dateModified\":\"2018-10-18T12:32:21+00:00\",\"description\":\"A equipe da Penha Vidros disp\\u00f5e das mais modernas ferramentas e equipamentos que garantem a perfei\\u00e7\\u00e3o final e um servi\\u00e7o diferenciado.\",\"inLanguage\":\"pt-BR\",\"potentialAction\":[{\"@type\":\"ReadAction\",\"target\":[\"https:\/\/www.penhavidros.com.br\/novo\/equipamentos\/\"]}]}]}<\/script>\n<!-- \/ Yoast SEO plugin. -->","_links":{"self":[{"href":"https:\/\/www.penhavidros.com.br\/novo\/wp-json\/wp\/v2\/pages\/34"}],"collection":[{"href":"https:\/\/www.penhavidros.com.br\/novo\/wp-json\/wp\/v2\/pages"}],"about":[{"href":"https:\/\/www.penhavidros.com.br\/novo\/wp-json\/wp\/v2\/types\/page"}],"author":[{"embeddable":true,"href":"https:\/\/www.penhavidros.com.br\/novo\/wp-json\/wp\/v2\/users\/3"}],"replies":[{"embeddable":true,"href":"https:\/\/www.penhavidros.com.br\/novo\/wp-json\/wp\/v2\/comments?post=34"}],"version-history":[{"count":7,"href":"https:\/\/www.penhavidros.com.br\/novo\/wp-json\/wp\/v2\/pages\/34\/revisions"}],"predecessor-version":[{"id":477,"href":"https:\/\/www.penhavidros.com.br\/novo\/wp-json\/wp\/v2\/pages\/34\/revisions\/477"}],"wp:attachment":[{"href":"https:\/\/www.penhavidros.com.br\/novo\/wp-json\/wp\/v2\/media?parent=34"}],"curies":[{"name":"wp","href":"https:\/\/api.w.org\/{rel}","templated":true}]}}